 + -4?
-48411
In base 3, what is 11 - 1101222000?
-1101221212
In base 15, what is -163 - 10c?
-270
In base 12, what is 11aa + 33?
1221
In base 14, what is -3 - c72?
-c75
In base 3, what is -12 - -1100221201122?
1100221201110
In base 6, what is 1 + 2223113?
2223114
In base 8, what is 21 + -2462?
-2441
In base 4, what is 0 - -32300311?
32300311
In base 15, what is e48 + a?
e53
In base 10, what is -1 + 69837?
69836
In base 8, what is -5 + 645647?
645642
In base 2, what is 10010 + 1001110110?
1010001000
In base 14, what is -7 + -3d470?
-3d477
In base 4, what is 0 - 3112102022?
-3112102022
In base 2, what is 1011111 + 11010111111?
11100011110
In base 3, what is -1102002021 - -1200?
-1102000121
In base 10, what is -12349 - -63?
-12286
In base 15, what is a019 - -4?
a01d
In base 7, what is -5231 - -3?
-5225
In base 15, what is -74a0 + 0?
-74a0
In base 13, what is -237b + -7?
-2385
In base 6, what is 15 - 525321?
-525302
In base 13, what is -11ab9 - 4?
-11ac0
In base 7, what is 46435 - 43?
46362
In base 2, what is 100001111100 + -1111010001?
10010101011
In base 8, what is 137 + 103?
242
In base 5, what is -31301 + -2130?
-33431
In base 2, what is 1100001000 + -101?
1100000011
In base 7, what is -111416 - -4?
-111412
In base 3, what is 10011021112 - 202?
10011020210
In base 13, what is -3 + -25ca3b?
-25ca41
In base 12, what is -1202aa - -4?
-1202a6
In base 13, what is -6 - -cc3?
cba
In base 3, what is 12 - 2110001111?
-2110001022
In base 11, what is 123927 + -3?
123924
In base 7, what is 4145520 - 2?
4145515
In base 7, what is -145422 + -16?
-145441
In base 6, what is 1014 - -13?
1031
In base 7, what is -22234 - -2?
-22232
In base 3, what is -211200 - -12111200?
11200000
In base 13, what is -7909a - -1?
-79099
In base 15, what is 23 + -dde?
-dbb
In base 10, what is 3149 - -107?
3256
In base 2, what is -111001000111101011 + 100?
-111001000111100111
In base 5, what is -3 + 101011141?
101011133
In base 2, what is 11001110101 + 100010?
11010010111
In base 3, what is -1 - 1122202200021?
-1122202200022
In base 10, what is -74 + -4690?
-4764
In base 5, what is 1 - -10014330?
10014331
In base 2, what is 1110110111100100 - 1?
1110110111100011
In base 7, what is 253 - 11026?
-10443
In base 6, what is 5 + 423455?
423504
In base 2, what is -11100110 + -1101010001?
-10000110111
In base 12, what is 0 + -15181?
-15181
In base 15, what is 14 + 75c?
771
In base 7, what is -403 + -265?
-1001
In base 10, what is 72 + -1062?
-990
In base 16, what is -34 - 36f?
-3a3
In base 9, what is 242 - -15214?
15456
In base 9, what is -2 + 7534?
7532
In base 9, what is -658181 + -11?
-658202
In base 6, what is 23 + 3421150?
3421213
In base 11, what is 6730206 + 1?
6730207
In base 4, what is -2 + 1320323?
1320321
In base 5, what is 1123421 + -121?
1123300
In base 8, what is -51453 - 1?
-51454
In base 7, what is -1413 + 240?
-1143
In base 9, what is -17 + -4607?
-4625
In base 10, what is 115280 + 3?
115283
In base 7, what is -5101400 - 4?
-5101404
In base 6, what is 501 + -2535?
-2034
In base 5, what is -1 - -42223?
42222
In base 5, what is 10 + -342324044?
-342324034
In base 15, what is -3b29 + e1?
-3a38
In base 2, what is 11001011111100 - -11100?
11001100011000
In base 6, what is -1541 - -1154?
-343
In base 8, what is -22251 - -52?
-22177
In base 6, what is 113 + -124?
-11
In base 10, what is -313739 + -11?
-313750
In base 15, what is -3b - 493b?
-4977
In base 14, what is 3 - -5709?
570c
In base 5, what is -114312220 - -4?
-114312211
In base 15, what is c0d5 - 3?
c0d2
In base 6, what is -1 + -100144?
-100145
In base 2, what is -1110000 - 1100001101?
-1101111101
In base 9, what is 2473 - -131?
2614
In base 12, what is 3 - 8b65?
-8b62
In base 9, what is -6287044 - 1?
-6287045
In base 8, what is -15233 - -2?
-15231
In base 15, what is -20 - -d7a4?
d784
In base 5, what is -103221 - 102?
-103323
In base 6, what is 33542 - 331?
33211
In base 13, what is a76 + -5?
a71
In base 14, what is -1 + -2971c?
-2971d
In base 3, what is -12010 + -222202?
-1011212
In base 14, what is -48551 + 3?
-4854c
In base 14, what is -93b8 - -51?
-9367
In base 8, what is -5072000 - 1?
-5072001
In base 14, what is 4 + b2b?
b31
In base 8, what is -21 + 66505?
66464
In base 14, what is -3 + 5c51?
5c4c
In base 15, what is -1e2c8 - -4?
-1e2c4
In base 15, what is -b - -d98?
d8c
In base 16, what is -7 + -1030?
-1037
In base 14, what is -8d561 - -4?
-8d55b
In base 11, what is -34 - -2115?
2091
In base 11, what is 6 + 25895?
258a0
In base 6, what is -532141 + -5?
-532150
In base 16, what is 109 - -a?
113
In base 11, what is -1144a - 53?
-114a2
In base 2, what is -1001100000101110111 + -10000?
-1001100000110000111
In base 3, what is -1021 - 20221?
-22012
In base 2, what is -1001100110 + 100101000?
-100111110
In base 7, what is -464 - 121304?
-122101
In base 10, what is -323 - 714?
-1037
In base 3, what is -12 + -1000022220?
-1000100002
In base 2, what is 101 + -1100000101010110000?
-1100000101010101011
In base 7, what is -56140 + 153?
-55654
In base 16, what is 2 - 2c0d6?
-2c0d4
In base 3, what is 211011 + 21?
211102
In base 8, what is -647331 + -4?
-647335
In base 4, what is -20 + -2011213?
-2011233
In base 11, what is -89 + -63?
-141
In base 6, what is -5 + -13052221?
-13052230
In base 4, what is -11 - 2221231201?
-2221231212
In base 14, what is -2c + 875?
847
In base 5, what is -4 + -313432?
-313441
In base 7, what is 453452 - -2?
453454
In base 3, what is 12102112 + 202?
12110021
In base 13, what is 2 + 753?
755
In base 2, what is 1110000100 - 1001001?
1100111011
In base 15, what is 3 - -6e500?
6e503
In base 13, what is -4b1 + 7b8?
307
In base 11, what is 0 - 2595?
-2595
In base 9, what is 2 - 150175?
-150173
In base 3, what is -102022 - -111012020?
110202221
In base 2, what is -1001000110101 + -10101?
-1001001001010
In base 3, what is 10111 + -1210?
1201
In base 9, what is -520630 - -4?
-520625
In base 16, what is c8 - -e49?
f11
In base 9, what is 25476 - -5?
25482
In base 2, what is 100101011 - -110100000010?
111000101101
In base 14, what is 1 - 23d070?
-23d06d
In base 6, what is 220 - -30242?
30502
In base 3, what is -20200101 + 210?
-20122121
In base 7, what is -3423 - -150?
-3243
In base 13, what is 411685 - -3?
411688
In base 10, what is 5 - -448133?
448138
In base 9, what is -38003 - -2?
-38001
In base 10, what is 42 + 655?
697
In base 14, what is 16310 - -5?
16315
In base 13, what is 2 + 62362?
62364
In base 10, what is 56283 - 0?
56283
In base 16, what is 0 + 2b99?
2b99
In base 3, what is -20 - 1001021?
-1001111
In base 10, what is 15465 - 5?
15460
In base 7, what is -1 - 1604350?
-1604351
In base 14, what is -3 + -1993?
-1996
In base 13, what is -32 + -613?
-645
In base 6, what is -511001 - -1?
-511000
In base 5, what is 40011 + 4024?
44040
In base 12, what is 325b - -1a?
3279
In base 10, what is -194635 - -4?
-194631
In base 16, what is 9 + 590f9?
59102
In base 12, what is 8b39 - 75?
8a84
In base 16, what is -404c6 + 1?
-404c5
In base 16, what is -70 + -4df1?
-4e61
In base 13, what is -2ca + 1a8c?
1792
In base 3, what is -120022 + 101221?
-11101
In base 7, what is 1114413 - -3?
1114416
In base 7, what is 5201 - 1?
5200
In base 14, what is 121 - -15c2?
1703
In base 11, what is 2 - 53a27?
-53a25
In base 9, what is 146172 - -3?
146175
In base 5, what is 103123 - -23?
103201
In base 16, what is 30ae - 6?
30a8
In base 10, what is 79 + -1650?
-1571
In base 8, what is -20454657 - 4?
-20454663
In base 16, what is -11dcd - 3?
-11dd0
In base 5, what is 3 + -123132314?
-123132311
In base 10, what is -444 - 115?
-559
In base 15, what is 0 + -50b33?
-50b33
In base 15, what is -19 - 185cc?
-185e6
In base 4, what is -103 + -10130?
-10233
In base 8, what is -121 + -6713?
-7034
In base 9, what is 182 - 2140?
-1847
In base 8, what is -76245 - 10?
-76255
In base 5, what is 2212 + 323?
3040
In base 2, what is -101111001111011 - 10?
-101111001111101
In base 8, what is 1 - 11526?
-11525
In base 9, what is 8 - -53833?
53842
In base 2, what is 0 + 11110010001011010001?
11110010001011010001
In base 2, what is 1001 - -1010111010010100?
1010111010011101
In base 9, what is -57 + 85448?
85381
In base 11, what is -1342a0 + 5?
-134296
In base 5, what is -31 + -12120?
-12201
In base 11, what is -1 + 7359?
7358
In base 16, what is -12e69